{"id":45,"date":"2019-09-19T01:02:02","date_gmt":"2019-09-19T00:02:02","guid":{"rendered":"https:\/\/praps.sn\/archives\/?page_id=45"},"modified":"2024-03-10T16:45:21","modified_gmt":"2024-03-10T16:45:21","slug":"mot-du-coordonnateur","status":"publish","type":"page","link":"https:\/\/praps.sn\/archives\/mot-du-coordonnateur\/","title":{"rendered":"Mot du Coordonnateur"},"content":{"rendered":"\n<p>C\u2019est avec un tr\u00e8s grand plaisir que nous vous accueillons sur ce nouveau site web du<br>Projet r\u00e9gional d\u2019Appui au Pastoralisme au Sahel, Phase 2 (PRAPS2-SN) \u00e9labor\u00e9 sur<br>la base des enseignements tir\u00e9s de la premi\u00e8re phase du projet et des orientations de<br>l\u2019Unit\u00e9 r\u00e9gionale de coordination assur\u00e9e par le CILSS.<br>Comme vous le savez, le PRAPS1 a \u00e9t\u00e9 achev\u00e9 le 31 d\u00e9cembre 2021 et il y\u2019a eu<br>l\u2019encha\u00eenement de la deuxi\u00e8me phase d\u00e8s le premier janvier 2022.<br>Cette transition efficace s\u2019explique par les acquis ind\u00e9niables de la premi\u00e8re phase<br>illustr\u00e9s par une transformation qualitative du secteur de l\u2019\u00e9levage, notamment dans<br>sa zone d\u2019intervention, gr\u00e2ce aux infrastructures et \u00e9quipements mis en place, ainsi<br>que les services de base conviviaux assur\u00e9s \u00e0 la communaut\u00e9 pastorale, lui<br>permettant d\u2019\u00eatre mieux outill\u00e9e et plus r\u00e9siliente face aux mutations et chocs<br>climatiques et aux catastrophes naturelles.<br>Pour rappel le PRAPS est un projet sous r\u00e9gional, n\u00e9 de la d\u00e9claration de Nouakchott<br>sur le pastoralisme adopt\u00e9e le 29 octobre 2013 par les six pays sah\u00e9liens que sont le<br>Burkina Faso, Mali, Mauritanie, Niger, S\u00e9n\u00e9gal et Tchad et appuy\u00e9e par le Groupe de<br>la Banque mondiale \u00e0 travers la concr\u00e9tisation de cette volont\u00e9 exprim\u00e9e au plus haut<br>niveau de ces Etats. L\u2019objectif ultime retenu est de promouvoir un pastoralisme sans<br>fronti\u00e8re, vecteur entre autres, de croissance \u00e9conomique et sociale, de s\u00e9curit\u00e9, de<br>paix et de stabilit\u00e9,<br>C\u2019est dans la poursuite de cette ambition, qu\u2019\u00e0 l\u2019instar des autres Etats concern\u00e9s,<br>cette deuxi\u00e8me phase impuls\u00e9e par notre pays dans le cadre du Plan S\u00e9n\u00e9gal<br>Emergent avec l\u2019appui de la Banque mondiale est con\u00e7ue essentiellement pour la<br>consolidation et l\u2019\u00e9largissement des acquis de la premi\u00e8re phase.<br>Ainsi en plus des nouvelles activit\u00e9s inscrites dans le projet, la zone g\u00e9ographique<br>s\u2019est \u00e9tendue aux d\u00e9partements de Ran\u00e9rou et de Louga, en plus des huit de la<br>premi\u00e8re phase \u00e0 savoir : Dagana, Podor, Lignu\u00e8re Matam, Kanel, Bakel,<br>Koumpentoum et Kougheul.<br>Globalement , cette deuxi\u00e8me phase du projet est financ\u00e9e pour une enveloppe de<br>30, 1784 milliard de FCA ( 52 484,1,de US$), pour une dur\u00e9e de mise en \u0153uvre<br>de 6 ans (janvier 2022 \u00e0 d\u00e9cembre 2027)<br>L&rsquo;objectif de d\u00e9veloppement du PRAPS2 est \u00abd&rsquo;am\u00e9liorer la r\u00e9silience des pasteurs<br>et des agropasteurs dans certaines zones cibl\u00e9es de la r\u00e9gion du Sahel \u00bb. A l\u2019\u00e9chelle<br>nationale le Projet devra b\u00e9n\u00e9ficier directement \u00e0 950 000 nouveaux pasteurs et<br>agropasteurs dont 30% de femmes.<br>L\u2019adoption de ce nouveau site Web du projet co\u00efncide avec le d\u00e9but de la r\u00e9alisation<br>des infrastructures sanitaires, hydrauliques et marchandes pr\u00e9vues au nombre total<br>de 104. Celle-ci intervient apr\u00e8s deux ann\u00e9es de mise en \u0153uvre consacr\u00e9es au<br>lancement des activit\u00e9s des diff\u00e9rentes composantes du projet et aux \u00e9tudes<br>pr\u00e9alables.<br>Ainsi, le projet a atteint sa vitesse de croisi\u00e8re qui doit \u00eatre maintenue, en vue de<br>l\u2019atteinte de tous les r\u00e9sultats li\u00e9s \u00e0 l\u2019Objectif de d\u00e9veloppement.<br>D\u00e8s lors, nous invitons tout le personnel du PRAPS 2-SN, tous les partenaires,<br>prestataires, acteurs de mise en \u0153uvre et les b\u00e9n\u00e9ficiaires \u00e0 maintenir la vigilance<br>et \u00e0 redoubler d\u2019effort pour le renforcement de la tendance actuelle tout \u00e0 fait<br>favorable \u00e0 une bonne ex\u00e9cution des activit\u00e9s du projet et de mani\u00e8re participative<br>et inclusive.<br>Le pr\u00e9sent site web est un outil op\u00e9rationnel de la strat\u00e9gie de communication du<br>PRAPS2-SN destin\u00e9e \u00e0 sensibiliser sur ses objectifs, ses missions, son potentiel,<br>ses r\u00e9alisations et son impact. L\u2019ambition est d\u2019en faire, une plateforme d\u2019\u00e9changes<br>efficace et un canal de communication privil\u00e9gi\u00e9 afin de susciter l\u2019int\u00e9r\u00eat pour le<br>changement de comportement et jeter les bases en faveur de mesures r\u00e9alistes<br>favorables \u00e0 la r\u00e9silience des populations pastorales.<\/p>\n\n\n\n<p>                                                                                                  <strong>Dr Mamadou Ousseynou SAKHO<\/strong><\/p>\n","protected":false},"excerpt":{"rendered":"<p>C\u2019est avec un tr\u00e8s grand plaisir que nous vous accueillons sur ce nouveau site web duProjet r\u00e9gional d\u2019Appui au Pastoralisme au Sahel, Phase 2 (PRAPS2-SN) \u00e9labor\u00e9 surla base des enseignements tir\u00e9s de la premi\u00e8re phase du projet et des orientations del\u2019Unit\u00e9 r\u00e9gionale de coordination assur\u00e9e par le CILSS.Comme vous le savez, le PRAPS1 a \u00e9t\u00e9 &hellip;<\/p>\n","protected":false},"author":4,"featured_media":0,"parent":0,"menu_order":0,"comment_status":"closed","ping_status":"closed","template":"","meta":{"_monsterinsights_skip_tracking":false,"_monsterinsights_sitenote_active":false,"_monsterinsights_sitenote_note":"","_monsterinsights_sitenote_category":0,"footnotes":""},"class_list":["post-45","page","type-page","status-publish",""],"yoast_head":"<!-- This site is optimized with the Yoast SEO plugin v22.7 - https:\/\/yoast.com\/wordpress\/plugins\/seo\/ -->\n<title>Mot du Coordonnateur - PRAPS 1 SENEGAL<\/title>\n<meta name=\"robots\" content=\"index, follow, max-snippet:-1, max-image-preview:large, max-video-preview:-1\" \/>\n<link rel=\"canonical\" href=\"https:\/\/praps.sn\/archives\/mot-du-coordonnateur\/\" \/>\n<meta property=\"og:locale\" content=\"fr_FR\" \/>\n<meta property=\"og:type\" content=\"article\" \/>\n<meta property=\"og:title\" content=\"Mot du Coordonnateur - PRAPS 1 SENEGAL\" \/>\n<meta property=\"og:description\" content=\"C\u2019est avec un tr\u00e8s grand plaisir que nous vous accueillons sur ce nouveau site web duProjet r\u00e9gional d\u2019Appui au Pastoralisme au Sahel, Phase 2 (PRAPS2-SN) \u00e9labor\u00e9 surla base des enseignements tir\u00e9s de la premi\u00e8re phase du projet et des orientations del\u2019Unit\u00e9 r\u00e9gionale de coordination assur\u00e9e par le CILSS.Comme vous le savez, le PRAPS1 a \u00e9t\u00e9 &hellip;\" \/>\n<meta property=\"og:url\" content=\"https:\/\/praps.sn\/archives\/mot-du-coordonnateur\/\" \/>\n<meta property=\"og:site_name\" content=\"PRAPS 1 SENEGAL\" \/>\n<meta property=\"article:modified_time\" content=\"2024-03-10T16:45:21+00:00\" \/>\n<meta name=\"twitter:card\" content=\"summary_large_image\" \/>\n<meta name=\"twitter:label1\" content=\"Dur\u00e9e de lecture estim\u00e9e\" \/>\n\t<meta name=\"twitter:data1\" content=\"4 minutes\" \/>\n<script type=\"application\/ld+json\" class=\"yoast-schema-graph\">{\"@context\":\"https:\/\/schema.org\",\"@graph\":[{\"@type\":\"WebPage\",\"@id\":\"https:\/\/praps.sn\/archives\/mot-du-coordonnateur\/\",\"url\":\"https:\/\/praps.sn\/archives\/mot-du-coordonnateur\/\",\"name\":\"Mot du Coordonnateur - PRAPS 1 SENEGAL\",\"isPartOf\":{\"@id\":\"https:\/\/praps.sn\/archives\/#website\"},\"datePublished\":\"2019-09-19T00:02:02+00:00\",\"dateModified\":\"2024-03-10T16:45:21+00:00\",\"breadcrumb\":{\"@id\":\"https:\/\/praps.sn\/archives\/mot-du-coordonnateur\/#breadcrumb\"},\"inLanguage\":\"fr-FR\",\"potentialAction\":[{\"@type\":\"ReadAction\",\"target\":[\"https:\/\/praps.sn\/archives\/mot-du-coordonnateur\/\"]}]},{\"@type\":\"BreadcrumbList\",\"@id\":\"https:\/\/praps.sn\/archives\/mot-du-coordonnateur\/#breadcrumb\",\"itemListElement\":[{\"@type\":\"ListItem\",\"position\":1,\"name\":\"Home\",\"item\":\"https:\/\/praps.sn\/archives\/\"},{\"@type\":\"ListItem\",\"position\":2,\"name\":\"Mot du Coordonnateur\"}]},{\"@type\":\"WebSite\",\"@id\":\"https:\/\/praps.sn\/archives\/#website\",\"url\":\"https:\/\/praps.sn\/archives\/\",\"name\":\"PRAPS SENEGAL\",\"description\":\"Projet d&#039;Appui au Pastoralisme au Sahel-Phase 1\",\"publisher\":{\"@id\":\"https:\/\/praps.sn\/archives\/#organization\"},\"potentialAction\":[{\"@type\":\"SearchAction\",\"target\":{\"@type\":\"EntryPoint\",\"urlTemplate\":\"https:\/\/praps.sn\/archives\/?s={search_term_string}\"},\"query-input\":\"required name=search_term_string\"}],\"inLanguage\":\"fr-FR\"},{\"@type\":\"Organization\",\"@id\":\"https:\/\/praps.sn\/archives\/#organization\",\"name\":\"PRAPS S\u00e9n\u00e9gal\",\"url\":\"https:\/\/praps.sn\/archives\/\",\"logo\":{\"@type\":\"ImageObject\",\"inLanguage\":\"fr-FR\",\"@id\":\"https:\/\/praps.sn\/archives\/#\/schema\/logo\/image\/\",\"url\":\"https:\/\/praps.sn\/archives\/wp-content\/uploads\/2019\/09\/banniere_praps-1.png\",\"contentUrl\":\"https:\/\/praps.sn\/archives\/wp-content\/uploads\/2019\/09\/banniere_praps-1.png\",\"width\":159,\"height\":154,\"caption\":\"PRAPS S\u00e9n\u00e9gal\"},\"image\":{\"@id\":\"https:\/\/praps.sn\/archives\/#\/schema\/logo\/image\/\"}}]}<\/script>\n<!-- \/ Yoast SEO plugin. -->","yoast_head_json":{"title":"Mot du Coordonnateur - PRAPS 1 SENEGAL","robots":{"index":"index","follow":"follow","max-snippet":"max-snippet:-1","max-image-preview":"max-image-preview:large","max-video-preview":"max-video-preview:-1"},"canonical":"https:\/\/praps.sn\/archives\/mot-du-coordonnateur\/","og_locale":"fr_FR","og_type":"article","og_title":"Mot du Coordonnateur - PRAPS 1 SENEGAL","og_description":"C\u2019est avec un tr\u00e8s grand plaisir que nous vous accueillons sur ce nouveau site web duProjet r\u00e9gional d\u2019Appui au Pastoralisme au Sahel, Phase 2 (PRAPS2-SN) \u00e9labor\u00e9 surla base des enseignements tir\u00e9s de la premi\u00e8re phase du projet et des orientations del\u2019Unit\u00e9 r\u00e9gionale de coordination assur\u00e9e par le CILSS.Comme vous le savez, le PRAPS1 a \u00e9t\u00e9 &hellip;","og_url":"https:\/\/praps.sn\/archives\/mot-du-coordonnateur\/","og_site_name":"PRAPS 1 SENEGAL","article_modified_time":"2024-03-10T16:45:21+00:00","twitter_card":"summary_large_image","twitter_misc":{"Dur\u00e9e de lecture estim\u00e9e":"4 minutes"},"schema":{"@context":"https:\/\/schema.org","@graph":[{"@type":"WebPage","@id":"https:\/\/praps.sn\/archives\/mot-du-coordonnateur\/","url":"https:\/\/praps.sn\/archives\/mot-du-coordonnateur\/","name":"Mot du Coordonnateur - PRAPS 1 SENEGAL","isPartOf":{"@id":"https:\/\/praps.sn\/archives\/#website"},"datePublished":"2019-09-19T00:02:02+00:00","dateModified":"2024-03-10T16:45:21+00:00","breadcrumb":{"@id":"https:\/\/praps.sn\/archives\/mot-du-coordonnateur\/#breadcrumb"},"inLanguage":"fr-FR","potentialAction":[{"@type":"ReadAction","target":["https:\/\/praps.sn\/archives\/mot-du-coordonnateur\/"]}]},{"@type":"BreadcrumbList","@id":"https:\/\/praps.sn\/archives\/mot-du-coordonnateur\/#breadcrumb","itemListElement":[{"@type":"ListItem","position":1,"name":"Home","item":"https:\/\/praps.sn\/archives\/"},{"@type":"ListItem","position":2,"name":"Mot du Coordonnateur"}]},{"@type":"WebSite","@id":"https:\/\/praps.sn\/archives\/#website","url":"https:\/\/praps.sn\/archives\/","name":"PRAPS SENEGAL","description":"Projet d&#039;Appui au Pastoralisme au Sahel-Phase 1","publisher":{"@id":"https:\/\/praps.sn\/archives\/#organization"},"potentialAction":[{"@type":"SearchAction","target":{"@type":"EntryPoint","urlTemplate":"https:\/\/praps.sn\/archives\/?s={search_term_string}"},"query-input":"required name=search_term_string"}],"inLanguage":"fr-FR"},{"@type":"Organization","@id":"https:\/\/praps.sn\/archives\/#organization","name":"PRAPS S\u00e9n\u00e9gal","url":"https:\/\/praps.sn\/archives\/","logo":{"@type":"ImageObject","inLanguage":"fr-FR","@id":"https:\/\/praps.sn\/archives\/#\/schema\/logo\/image\/","url":"https:\/\/praps.sn\/archives\/wp-content\/uploads\/2019\/09\/banniere_praps-1.png","contentUrl":"https:\/\/praps.sn\/archives\/wp-content\/uploads\/2019\/09\/banniere_praps-1.png","width":159,"height":154,"caption":"PRAPS S\u00e9n\u00e9gal"},"image":{"@id":"https:\/\/praps.sn\/archives\/#\/schema\/logo\/image\/"}}]}},"_links":{"self":[{"href":"https:\/\/praps.sn\/archives\/wp-json\/wp\/v2\/pages\/45","targetHints":{"allow":["GET"]}}],"collection":[{"href":"https:\/\/praps.sn\/archives\/wp-json\/wp\/v2\/pages"}],"about":[{"href":"https:\/\/praps.sn\/archives\/wp-json\/wp\/v2\/types\/page"}],"author":[{"embeddable":true,"href":"https:\/\/praps.sn\/archives\/wp-json\/wp\/v2\/users\/4"}],"replies":[{"embeddable":true,"href":"https:\/\/praps.sn\/archives\/wp-json\/wp\/v2\/comments?post=45"}],"version-history":[{"count":2,"href":"https:\/\/praps.sn\/archives\/wp-json\/wp\/v2\/pages\/45\/revisions"}],"predecessor-version":[{"id":876,"href":"https:\/\/praps.sn\/archives\/wp-json\/wp\/v2\/pages\/45\/revisions\/876"}],"wp:attachment":[{"href":"https:\/\/praps.sn\/archives\/wp-json\/wp\/v2\/media?parent=45"}],"curies":[{"name":"wp","href":"https:\/\/api.w.org\/{rel}","templated":true}]}}

<p>C’est avec un très grand plaisir que nous vous accueillons sur ce nouveau site web du<br>Projet régional d’Appui au Pastoralisme au Sahel, Phase 2 (PRAPS2-SN) élaboré sur<br>la base des enseignements tirés de la première phase du projet et des orientations de<br>l’Unité régionale de coordination assurée par le CILSS.<br>Comme vous le savez, le PRAPS1 a été achevé le 31 décembre 2021 et il y’a eu<br>l’enchaînement de la deuxième phase dès le premier janvier 2022.<br>Cette transition efficace s’explique par les acquis indéniables de la première phase<br>illustrés par une transformation qualitative du secteur de l’élevage, notamment dans<br>sa zone d’intervention, grâce aux infrastructures et équipements mis en place, ainsi<br>que les services de base conviviaux assurés à la communauté pastorale, lui<br>permettant d’être mieux outillée et plus résiliente face aux mutations et chocs<br>climatiques et aux catastrophes naturelles.<br>Pour rappel le PRAPS est un projet sous régional, né de la déclaration de Nouakchott<br>sur le pastoralisme adoptée le 29 octobre 2013 par les six pays sahéliens que sont le<br>Burkina Faso, Mali, Mauritanie, Niger, Sénégal et Tchad et appuyée par le Groupe de<br>la Banque mondiale à travers la concrétisation de cette volonté exprimée au plus haut<br>niveau de ces Etats. L’objectif ultime retenu est de promouvoir un pastoralisme sans<br>frontière, vecteur entre autres, de croissance économique et sociale, de sécurité, de<br>paix et de stabilité,<br>C’est dans la poursuite de cette ambition, qu’à l’instar des autres Etats concernés,<br>cette deuxième phase impulsée par notre pays dans le cadre du Plan Sénégal<br>Emergent avec l’appui de la Banque mondiale est conçue essentiellement pour la<br>consolidation et l’élargissement des acquis de la première phase.<br>Ainsi en plus des nouvelles activités inscrites dans le projet, la zone géographique<br>s’est étendue aux départements de Ranérou et de Louga, en plus des huit de la<br>première phase à savoir : Dagana, Podor, Lignuère Matam, Kanel, Bakel,<br>Koumpentoum et Kougheul.<br>Globalement , cette deuxième phase du projet est financée pour une enveloppe de<br>30, 1784 milliard de FCA ( 52 484,1,de US$), pour une durée de mise en œuvre<br>de 6 ans (janvier 2022 à décembre 2027)<br>L&rsquo;objectif de développement du PRAPS2 est «d&rsquo;améliorer la résilience des pasteurs<br>et des agropasteurs dans certaines zones ciblées de la région du Sahel ». A l’échelle<br>nationale le Projet devra bénéficier directement à 950 000 nouveaux pasteurs et<br>agropasteurs dont 30% de femmes.<br>L’adoption de ce nouveau site Web du projet coïncide avec le début de la réalisation<br>des infrastructures sanitaires, hydrauliques et marchandes prévues au nombre total<br>de 104. Celle-ci intervient après deux années de mise en œuvre consacrées au<br>lancement des activités des différentes composantes du projet et aux études<br>préalables.<br>Ainsi, le projet a atteint sa vitesse de croisière qui doit être maintenue, en vue de<br>l’atteinte de tous les résultats liés à l’Objectif de développement.<br>Dès lors, nous invitons tout le personnel du PRAPS 2-SN, tous les partenaires,<br>prestataires, acteurs de mise en œuvre et les bénéficiaires à maintenir la vigilance<br>et à redoubler d’effort pour le renforcement de la tendance actuelle tout à fait<br>favorable à une bonne exécution des activités du projet et de manière participative<br>et inclusive.<br>Le présent site web est un outil opérationnel de la stratégie de communication du<br>PRAPS2-SN destinée à sensibiliser sur ses objectifs, ses missions, son potentiel,<br>ses réalisations et son impact. L’ambition est d’en faire, une plateforme d’échanges<br>efficace et un canal de communication privilégié afin de susciter l’intérêt pour le<br>changement de comportement et jeter les bases en faveur de mesures réalistes<br>favorables à la résilience des populations pastorales.</p>



<p>                                                                                                  <strong>Dr Mamadou Ousseynou SAKHO</strong></p>

<p>C’est avec un très grand plaisir que nous vous accueillons sur ce nouveau site web duProjet régional d’Appui au Pastoralisme au Sahel, Phase 2 (PRAPS2-SN) élaboré surla base des enseignements tirés de la première phase du projet et des orientations del’Unité régionale de coordination assurée par le CILSS.Comme vous le savez, le PRAPS1 a été &hellip;</p>

<!-- This site is optimized with the Yoast SEO plugin v22.7 - https://yoast.com/wordpress/plugins/seo/ -->
<title>Mot du Coordonnateur - PRAPS 1 SENEGAL</title>
<meta name="robots" content="index, follow, max-snippet:-1, max-image-preview:large, max-video-preview:-1" />
<link rel="canonical" href="https://praps.sn/archives/mot-du-coordonnateur/" />
<meta property="og:locale" content="fr_FR" />
<meta property="og:type" content="article" />
<meta property="og:title" content="Mot du Coordonnateur - PRAPS 1 SENEGAL" />
<meta property="og:description" content="C’est avec un très grand plaisir que nous vous accueillons sur ce nouveau site web duProjet régional d’Appui au Pastoralisme au Sahel, Phase 2 (PRAPS2-SN) élaboré surla base des enseignements tirés de la première phase du projet et des orientations del’Unité régionale de coordination assurée par le CILSS.Comme vous le savez, le PRAPS1 a été &hellip;" />
<meta property="og:url" content="https://praps.sn/archives/mot-du-coordonnateur/" />
<meta property="og:site_name" content="PRAPS 1 SENEGAL" />
<meta property="article:modified_time" content="2024-03-10T16:45:21+00:00" />
<meta name="twitter:card" content="summary_large_image" />
<meta name="twitter:label1" content="Durée de lecture estimée" />
	<meta name="twitter:data1" content="4 minutes" />
<script type="application/ld+json" class="yoast-schema-graph">{"@context":"https://schema.org","@graph":[{"@type":"WebPage","@id":"https://praps.sn/archives/mot-du-coordonnateur/","url":"https://praps.sn/archives/mot-du-coordonnateur/","name":"Mot du Coordonnateur - PRAPS 1 SENEGAL","isPartOf":{"@id":"https://praps.sn/archives/#website"},"datePublished":"2019-09-19T00:02:02+00:00","dateModified":"2024-03-10T16:45:21+00:00","breadcrumb":{"@id":"https://praps.sn/archives/mot-du-coordonnateur/#breadcrumb"},"inLanguage":"fr-FR","potentialAction":[{"@type":"ReadAction","target":["https://praps.sn/archives/mot-du-coordonnateur/"]}]},{"@type":"BreadcrumbList","@id":"https://praps.sn/archives/mot-du-coordonnateur/#breadcrumb","itemListElement":[{"@type":"ListItem","position":1,"name":"Home","item":"https://praps.sn/archives/"},{"@type":"ListItem","position":2,"name":"Mot du Coordonnateur"}]},{"@type":"WebSite","@id":"https://praps.sn/archives/#website","url":"https://praps.sn/archives/","name":"PRAPS SENEGAL","description":"Projet d&#039;Appui au Pastoralisme au Sahel-Phase 1","publisher":{"@id":"https://praps.sn/archives/#organization"},"potentialAction":[{"@type":"SearchAction","target":{"@type":"EntryPoint","urlTemplate":"https://praps.sn/archives/?s={search_term_string}"},"query-input":"required name=search_term_string"}],"inLanguage":"fr-FR"},{"@type":"Organization","@id":"https://praps.sn/archives/#organization","name":"PRAPS Sénégal","url":"https://praps.sn/archives/","logo":{"@type":"ImageObject","inLanguage":"fr-FR","@id":"https://praps.sn/archives/#/schema/logo/image/","url":"https://praps.sn/archives/wp-content/uploads/2019/09/banniere_praps-1.png","contentUrl":"https://praps.sn/archives/wp-content/uploads/2019/09/banniere_praps-1.png","width":159,"height":154,"caption":"PRAPS Sénégal"},"image":{"@id":"https://praps.sn/archives/#/schema/logo/image/"}}]}</script>
<!-- / Yoast SEO plugin. -->

C’est avec un très grand plaisir que nous vous accueillons sur ce nouveau site web duProjet régional d’Appui au Pastoralisme au Sahel, Phase 2 (PRAPS2-SN) élaboré surla base des enseignements tirés de la première phase du projet et des orientations del’Unité régionale de coordination assurée par le CILSS.Comme vous le savez, le PRAPS1 a été &hellip;

PRAPS Sénégal
