{"id":134,"date":"2019-09-19T17:41:13","date_gmt":"2019-09-19T16:41:13","guid":{"rendered":"https:\/\/praps.sn\/archives\/?page_id=134"},"modified":"2022-03-04T12:46:57","modified_gmt":"2022-03-04T11:46:57","slug":"zone-dintervention","status":"publish","type":"page","link":"https:\/\/praps.sn\/archives\/zone-dintervention\/","title":{"rendered":"Zone d&rsquo;intervention"},"content":{"rendered":"\r\n<figure class=\"wp-block-image\"><img loading=\"lazy\" decoding=\"async\" class=\"alignnone wp-image-510 \" src=\"https:\/\/praps.sn\/archives\/wp-content\/uploads\/2022\/03\/Image1-300x213.png\" alt=\"\" width=\"666\" height=\"473\" srcset=\"https:\/\/praps.sn\/archives\/wp-content\/uploads\/2022\/03\/Image1-300x213.png 300w, https:\/\/praps.sn\/archives\/wp-content\/uploads\/2022\/03\/Image1-1024x725.png 1024w, https:\/\/praps.sn\/archives\/wp-content\/uploads\/2022\/03\/Image1-768x544.png 768w, https:\/\/praps.sn\/archives\/wp-content\/uploads\/2022\/03\/Image1.png 1070w\" sizes=\"auto, (max-width: 666px) 100vw, 666px\" \/><\/figure>\r\n\r\n\r\n\r\n<p>Le PRAPS 2-SN interviendra dans <strong>cinq \u00a0<em>(05) <\/em>r\u00e9gions<\/strong> et <strong>dix <em>(10) <\/em>d\u00e9partements<\/strong> :<\/p>\r\n<p>r\u00e9gion de Saint-Louis <em>(Podor et Dagana) <\/em>; r\u00e9gion de Matam (<em>Matam, Kanel et Ran\u00e9rou)<\/em>, r\u00e9gion de Louga <em>(Lingu\u00e8re et <\/em><em>Louga) \u00a0<\/em>; r\u00e9gion de Kaffrine <em>(Koungheul) <\/em>; \u00a0r\u00e9gion de \u00a0Tambacounda\u00a0 <em>(Bakel \u00a0et Koumpentoum)<\/em>.<\/p>\r\n<p>En plus \u00a0de l\u2019UCP bas\u00e9e \u00e0 la Sph\u00e8re minist\u00e9rielle Ousmane Tanor\u00a0 \u00a0Dieng de \u00a0Diamniadio, le \u00a0PRAPS2-SN sera \u00a0dot\u00e9 de trois \u00a0antennes pour g\u00e9rer les\u00a0 dix d\u00e9partements couverts par \u00a0le Projet : Ndioum <em>(Lingu\u00e8re, Louga, <\/em><em>Dagana et Podor) \u00a0<\/em>; Kanel \u00a0<em>(Kanel, Matam, Ran\u00e9rou et Bakel) <\/em>; Koungheul <em>(Koungheul et <\/em><em>Koumpentoum)<\/em>.<\/p>\r\n","protected":false},"excerpt":{"rendered":"<p>Le PRAPS 2-SN interviendra dans cinq \u00a0(05) r\u00e9gions et dix (10) d\u00e9partements : r\u00e9gion de Saint-Louis (Podor et Dagana) ; r\u00e9gion de Matam (Matam, Kanel et Ran\u00e9rou), r\u00e9gion de Louga (Lingu\u00e8re et Louga) \u00a0; r\u00e9gion de Kaffrine (Koungheul) ; \u00a0r\u00e9gion de \u00a0Tambacounda\u00a0 (Bakel \u00a0et Koumpentoum). En plus \u00a0de l\u2019UCP bas\u00e9e \u00e0 la Sph\u00e8re minist\u00e9rielle Ousmane &hellip;<\/p>\n","protected":false},"author":4,"featured_media":0,"parent":0,"menu_order":0,"comment_status":"closed","ping_status":"closed","template":"","meta":{"_monsterinsights_skip_tracking":false,"_monsterinsights_sitenote_active":false,"_monsterinsights_sitenote_note":"","_monsterinsights_sitenote_category":0,"footnotes":""},"class_list":["post-134","page","type-page","status-publish",""],"yoast_head":"<!-- This site is optimized with the Yoast SEO plugin v22.7 - https:\/\/yoast.com\/wordpress\/plugins\/seo\/ -->\n<title>Zone d&#039;intervention - PRAPS 1 SENEGAL<\/title>\n<meta name=\"robots\" content=\"index, follow, max-snippet:-1, max-image-preview:large, max-video-preview:-1\" \/>\n<link rel=\"canonical\" href=\"https:\/\/praps.sn\/archives\/zone-dintervention\/\" \/>\n<meta property=\"og:locale\" content=\"fr_FR\" \/>\n<meta property=\"og:type\" content=\"article\" \/>\n<meta property=\"og:title\" content=\"Zone d&#039;intervention - PRAPS 1 SENEGAL\" \/>\n<meta property=\"og:description\" content=\"Le PRAPS 2-SN interviendra dans cinq \u00a0(05) r\u00e9gions et dix (10) d\u00e9partements : r\u00e9gion de Saint-Louis (Podor et Dagana) ; r\u00e9gion de Matam (Matam, Kanel et Ran\u00e9rou), r\u00e9gion de Louga (Lingu\u00e8re et Louga) \u00a0; r\u00e9gion de Kaffrine (Koungheul) ; \u00a0r\u00e9gion de \u00a0Tambacounda\u00a0 (Bakel \u00a0et Koumpentoum). En plus \u00a0de l\u2019UCP bas\u00e9e \u00e0 la Sph\u00e8re minist\u00e9rielle Ousmane &hellip;\" \/>\n<meta property=\"og:url\" content=\"https:\/\/praps.sn\/archives\/zone-dintervention\/\" \/>\n<meta property=\"og:site_name\" content=\"PRAPS 1 SENEGAL\" \/>\n<meta property=\"article:modified_time\" content=\"2022-03-04T11:46:57+00:00\" \/>\n<meta property=\"og:image\" content=\"https:\/\/praps.sn\/archives\/wp-content\/uploads\/2022\/03\/Image1-300x213.png\" \/>\n<meta name=\"twitter:card\" content=\"summary_large_image\" \/>\n<meta name=\"twitter:label1\" content=\"Dur\u00e9e de lecture estim\u00e9e\" \/>\n\t<meta name=\"twitter:data1\" content=\"1 minute\" \/>\n<script type=\"application\/ld+json\" class=\"yoast-schema-graph\">{\"@context\":\"https:\/\/schema.org\",\"@graph\":[{\"@type\":\"WebPage\",\"@id\":\"https:\/\/praps.sn\/archives\/zone-dintervention\/\",\"url\":\"https:\/\/praps.sn\/archives\/zone-dintervention\/\",\"name\":\"Zone d'intervention - PRAPS 1 SENEGAL\",\"isPartOf\":{\"@id\":\"https:\/\/praps.sn\/archives\/#website\"},\"primaryImageOfPage\":{\"@id\":\"https:\/\/praps.sn\/archives\/zone-dintervention\/#primaryimage\"},\"image\":{\"@id\":\"https:\/\/praps.sn\/archives\/zone-dintervention\/#primaryimage\"},\"thumbnailUrl\":\"https:\/\/praps.sn\/archives\/wp-content\/uploads\/2022\/03\/Image1-300x213.png\",\"datePublished\":\"2019-09-19T16:41:13+00:00\",\"dateModified\":\"2022-03-04T11:46:57+00:00\",\"breadcrumb\":{\"@id\":\"https:\/\/praps.sn\/archives\/zone-dintervention\/#breadcrumb\"},\"inLanguage\":\"fr-FR\",\"potentialAction\":[{\"@type\":\"ReadAction\",\"target\":[\"https:\/\/praps.sn\/archives\/zone-dintervention\/\"]}]},{\"@type\":\"ImageObject\",\"inLanguage\":\"fr-FR\",\"@id\":\"https:\/\/praps.sn\/archives\/zone-dintervention\/#primaryimage\",\"url\":\"https:\/\/praps.sn\/archives\/wp-content\/uploads\/2022\/03\/Image1.png\",\"contentUrl\":\"https:\/\/praps.sn\/archives\/wp-content\/uploads\/2022\/03\/Image1.png\",\"width\":1070,\"height\":758},{\"@type\":\"BreadcrumbList\",\"@id\":\"https:\/\/praps.sn\/archives\/zone-dintervention\/#breadcrumb\",\"itemListElement\":[{\"@type\":\"ListItem\",\"position\":1,\"name\":\"Home\",\"item\":\"https:\/\/praps.sn\/archives\/\"},{\"@type\":\"ListItem\",\"position\":2,\"name\":\"Zone d&rsquo;intervention\"}]},{\"@type\":\"WebSite\",\"@id\":\"https:\/\/praps.sn\/archives\/#website\",\"url\":\"https:\/\/praps.sn\/archives\/\",\"name\":\"PRAPS SENEGAL\",\"description\":\"Projet d&#039;Appui au Pastoralisme au Sahel-Phase 1\",\"publisher\":{\"@id\":\"https:\/\/praps.sn\/archives\/#organization\"},\"potentialAction\":[{\"@type\":\"SearchAction\",\"target\":{\"@type\":\"EntryPoint\",\"urlTemplate\":\"https:\/\/praps.sn\/archives\/?s={search_term_string}\"},\"query-input\":\"required name=search_term_string\"}],\"inLanguage\":\"fr-FR\"},{\"@type\":\"Organization\",\"@id\":\"https:\/\/praps.sn\/archives\/#organization\",\"name\":\"PRAPS S\u00e9n\u00e9gal\",\"url\":\"https:\/\/praps.sn\/archives\/\",\"logo\":{\"@type\":\"ImageObject\",\"inLanguage\":\"fr-FR\",\"@id\":\"https:\/\/praps.sn\/archives\/#\/schema\/logo\/image\/\",\"url\":\"https:\/\/praps.sn\/archives\/wp-content\/uploads\/2019\/09\/banniere_praps-1.png\",\"contentUrl\":\"https:\/\/praps.sn\/archives\/wp-content\/uploads\/2019\/09\/banniere_praps-1.png\",\"width\":159,\"height\":154,\"caption\":\"PRAPS S\u00e9n\u00e9gal\"},\"image\":{\"@id\":\"https:\/\/praps.sn\/archives\/#\/schema\/logo\/image\/\"}}]}<\/script>\n<!-- \/ Yoast SEO plugin. -->","yoast_head_json":{"title":"Zone d'intervention - PRAPS 1 SENEGAL","robots":{"index":"index","follow":"follow","max-snippet":"max-snippet:-1","max-image-preview":"max-image-preview:large","max-video-preview":"max-video-preview:-1"},"canonical":"https:\/\/praps.sn\/archives\/zone-dintervention\/","og_locale":"fr_FR","og_type":"article","og_title":"Zone d'intervention - PRAPS 1 SENEGAL","og_description":"Le PRAPS 2-SN interviendra dans cinq \u00a0(05) r\u00e9gions et dix (10) d\u00e9partements : r\u00e9gion de Saint-Louis (Podor et Dagana) ; r\u00e9gion de Matam (Matam, Kanel et Ran\u00e9rou), r\u00e9gion de Louga (Lingu\u00e8re et Louga) \u00a0; r\u00e9gion de Kaffrine (Koungheul) ; \u00a0r\u00e9gion de \u00a0Tambacounda\u00a0 (Bakel \u00a0et Koumpentoum). En plus \u00a0de l\u2019UCP bas\u00e9e \u00e0 la Sph\u00e8re minist\u00e9rielle Ousmane &hellip;","og_url":"https:\/\/praps.sn\/archives\/zone-dintervention\/","og_site_name":"PRAPS 1 SENEGAL","article_modified_time":"2022-03-04T11:46:57+00:00","og_image":[{"url":"https:\/\/praps.sn\/archives\/wp-content\/uploads\/2022\/03\/Image1-300x213.png"}],"twitter_card":"summary_large_image","twitter_misc":{"Dur\u00e9e de lecture estim\u00e9e":"1 minute"},"schema":{"@context":"https:\/\/schema.org","@graph":[{"@type":"WebPage","@id":"https:\/\/praps.sn\/archives\/zone-dintervention\/","url":"https:\/\/praps.sn\/archives\/zone-dintervention\/","name":"Zone d'intervention - PRAPS 1 SENEGAL","isPartOf":{"@id":"https:\/\/praps.sn\/archives\/#website"},"primaryImageOfPage":{"@id":"https:\/\/praps.sn\/archives\/zone-dintervention\/#primaryimage"},"image":{"@id":"https:\/\/praps.sn\/archives\/zone-dintervention\/#primaryimage"},"thumbnailUrl":"https:\/\/praps.sn\/archives\/wp-content\/uploads\/2022\/03\/Image1-300x213.png","datePublished":"2019-09-19T16:41:13+00:00","dateModified":"2022-03-04T11:46:57+00:00","breadcrumb":{"@id":"https:\/\/praps.sn\/archives\/zone-dintervention\/#breadcrumb"},"inLanguage":"fr-FR","potentialAction":[{"@type":"ReadAction","target":["https:\/\/praps.sn\/archives\/zone-dintervention\/"]}]},{"@type":"ImageObject","inLanguage":"fr-FR","@id":"https:\/\/praps.sn\/archives\/zone-dintervention\/#primaryimage","url":"https:\/\/praps.sn\/archives\/wp-content\/uploads\/2022\/03\/Image1.png","contentUrl":"https:\/\/praps.sn\/archives\/wp-content\/uploads\/2022\/03\/Image1.png","width":1070,"height":758},{"@type":"BreadcrumbList","@id":"https:\/\/praps.sn\/archives\/zone-dintervention\/#breadcrumb","itemListElement":[{"@type":"ListItem","position":1,"name":"Home","item":"https:\/\/praps.sn\/archives\/"},{"@type":"ListItem","position":2,"name":"Zone d&rsquo;intervention"}]},{"@type":"WebSite","@id":"https:\/\/praps.sn\/archives\/#website","url":"https:\/\/praps.sn\/archives\/","name":"PRAPS SENEGAL","description":"Projet d&#039;Appui au Pastoralisme au Sahel-Phase 1","publisher":{"@id":"https:\/\/praps.sn\/archives\/#organization"},"potentialAction":[{"@type":"SearchAction","target":{"@type":"EntryPoint","urlTemplate":"https:\/\/praps.sn\/archives\/?s={search_term_string}"},"query-input":"required name=search_term_string"}],"inLanguage":"fr-FR"},{"@type":"Organization","@id":"https:\/\/praps.sn\/archives\/#organization","name":"PRAPS S\u00e9n\u00e9gal","url":"https:\/\/praps.sn\/archives\/","logo":{"@type":"ImageObject","inLanguage":"fr-FR","@id":"https:\/\/praps.sn\/archives\/#\/schema\/logo\/image\/","url":"https:\/\/praps.sn\/archives\/wp-content\/uploads\/2019\/09\/banniere_praps-1.png","contentUrl":"https:\/\/praps.sn\/archives\/wp-content\/uploads\/2019\/09\/banniere_praps-1.png","width":159,"height":154,"caption":"PRAPS S\u00e9n\u00e9gal"},"image":{"@id":"https:\/\/praps.sn\/archives\/#\/schema\/logo\/image\/"}}]}},"_links":{"self":[{"href":"https:\/\/praps.sn\/archives\/wp-json\/wp\/v2\/pages\/134","targetHints":{"allow":["GET"]}}],"collection":[{"href":"https:\/\/praps.sn\/archives\/wp-json\/wp\/v2\/pages"}],"about":[{"href":"https:\/\/praps.sn\/archives\/wp-json\/wp\/v2\/types\/page"}],"author":[{"embeddable":true,"href":"https:\/\/praps.sn\/archives\/wp-json\/wp\/v2\/users\/4"}],"replies":[{"embeddable":true,"href":"https:\/\/praps.sn\/archives\/wp-json\/wp\/v2\/comments?post=134"}],"version-history":[{"count":6,"href":"https:\/\/praps.sn\/archives\/wp-json\/wp\/v2\/pages\/134\/revisions"}],"predecessor-version":[{"id":514,"href":"https:\/\/praps.sn\/archives\/wp-json\/wp\/v2\/pages\/134\/revisions\/514"}],"wp:attachment":[{"href":"https:\/\/praps.sn\/archives\/wp-json\/wp\/v2\/media?parent=134"}],"curies":[{"name":"wp","href":"https:\/\/api.w.org\/{rel}","templated":true}]}}

<figure class="wp-block-image"><img loading="lazy" decoding="async" class="alignnone wp-image-510 " src="https://praps.sn/archives/wp-content/uploads/2022/03/Image1-300x213.png" alt="" width="666" height="473" srcset="https://praps.sn/archives/wp-content/uploads/2022/03/Image1-300x213.png 300w, https://praps.sn/archives/wp-content/uploads/2022/03/Image1-1024x725.png 1024w, https://praps.sn/archives/wp-content/uploads/2022/03/Image1-768x544.png 768w, https://praps.sn/archives/wp-content/uploads/2022/03/Image1.png 1070w" sizes="auto, (max-width: 666px) 100vw, 666px" /></figure>



<p>Le PRAPS 2-SN interviendra dans <strong>cinq  <em>(05) </em>régions</strong> et <strong>dix <em>(10) </em>départements</strong> :</p>
<p>région de Saint-Louis <em>(Podor et Dagana) </em>; région de Matam (<em>Matam, Kanel et Ranérou)</em>, région de Louga <em>(Linguère et </em><em>Louga)  </em>; région de Kaffrine <em>(Koungheul) </em>;  région de  Tambacounda  <em>(Bakel  et Koumpentoum)</em>.</p>
<p>En plus  de l’UCP basée à la Sphère ministérielle Ousmane Tanor   Dieng de  Diamniadio, le  PRAPS2-SN sera  doté de trois  antennes pour gérer les  dix départements couverts par  le Projet : Ndioum <em>(Linguère, Louga, </em><em>Dagana et Podor)  </em>; Kanel  <em>(Kanel, Matam, Ranérou et Bakel) </em>; Koungheul <em>(Koungheul et </em><em>Koumpentoum)</em>.</p>

<p>Le PRAPS 2-SN interviendra dans cinq  (05) régions et dix (10) départements : région de Saint-Louis (Podor et Dagana) ; région de Matam (Matam, Kanel et Ranérou), région de Louga (Linguère et Louga)  ; région de Kaffrine (Koungheul) ;  région de  Tambacounda  (Bakel  et Koumpentoum). En plus  de l’UCP basée à la Sphère ministérielle Ousmane &hellip;</p>

<!-- This site is optimized with the Yoast SEO plugin v22.7 - https://yoast.com/wordpress/plugins/seo/ -->
<title>Zone d&#039;intervention - PRAPS 1 SENEGAL</title>
<meta name="robots" content="index, follow, max-snippet:-1, max-image-preview:large, max-video-preview:-1" />
<link rel="canonical" href="https://praps.sn/archives/zone-dintervention/" />
<meta property="og:locale" content="fr_FR" />
<meta property="og:type" content="article" />
<meta property="og:title" content="Zone d&#039;intervention - PRAPS 1 SENEGAL" />
<meta property="og:description" content="Le PRAPS 2-SN interviendra dans cinq  (05) régions et dix (10) départements : région de Saint-Louis (Podor et Dagana) ; région de Matam (Matam, Kanel et Ranérou), région de Louga (Linguère et Louga)  ; région de Kaffrine (Koungheul) ;  région de  Tambacounda  (Bakel  et Koumpentoum). En plus  de l’UCP basée à la Sphère ministérielle Ousmane &hellip;" />
<meta property="og:url" content="https://praps.sn/archives/zone-dintervention/" />
<meta property="og:site_name" content="PRAPS 1 SENEGAL" />
<meta property="article:modified_time" content="2022-03-04T11:46:57+00:00" />
<meta property="og:image" content="https://praps.sn/archives/wp-content/uploads/2022/03/Image1-300x213.png" />
<meta name="twitter:card" content="summary_large_image" />
<meta name="twitter:label1" content="Durée de lecture estimée" />
	<meta name="twitter:data1" content="1 minute" />
<script type="application/ld+json" class="yoast-schema-graph">{"@context":"https://schema.org","@graph":[{"@type":"WebPage","@id":"https://praps.sn/archives/zone-dintervention/","url":"https://praps.sn/archives/zone-dintervention/","name":"Zone d'intervention - PRAPS 1 SENEGAL","isPartOf":{"@id":"https://praps.sn/archives/#website"},"primaryImageOfPage":{"@id":"https://praps.sn/archives/zone-dintervention/#primaryimage"},"image":{"@id":"https://praps.sn/archives/zone-dintervention/#primaryimage"},"thumbnailUrl":"https://praps.sn/archives/wp-content/uploads/2022/03/Image1-300x213.png","datePublished":"2019-09-19T16:41:13+00:00","dateModified":"2022-03-04T11:46:57+00:00","breadcrumb":{"@id":"https://praps.sn/archives/zone-dintervention/#breadcrumb"},"inLanguage":"fr-FR","potentialAction":[{"@type":"ReadAction","target":["https://praps.sn/archives/zone-dintervention/"]}]},{"@type":"ImageObject","inLanguage":"fr-FR","@id":"https://praps.sn/archives/zone-dintervention/#primaryimage","url":"https://praps.sn/archives/wp-content/uploads/2022/03/Image1.png","contentUrl":"https://praps.sn/archives/wp-content/uploads/2022/03/Image1.png","width":1070,"height":758},{"@type":"BreadcrumbList","@id":"https://praps.sn/archives/zone-dintervention/#breadcrumb","itemListElement":[{"@type":"ListItem","position":1,"name":"Home","item":"https://praps.sn/archives/"},{"@type":"ListItem","position":2,"name":"Zone d&rsquo;intervention"}]},{"@type":"WebSite","@id":"https://praps.sn/archives/#website","url":"https://praps.sn/archives/","name":"PRAPS SENEGAL","description":"Projet d&#039;Appui au Pastoralisme au Sahel-Phase 1","publisher":{"@id":"https://praps.sn/archives/#organization"},"potentialAction":[{"@type":"SearchAction","target":{"@type":"EntryPoint","urlTemplate":"https://praps.sn/archives/?s={search_term_string}"},"query-input":"required name=search_term_string"}],"inLanguage":"fr-FR"},{"@type":"Organization","@id":"https://praps.sn/archives/#organization","name":"PRAPS Sénégal","url":"https://praps.sn/archives/","logo":{"@type":"ImageObject","inLanguage":"fr-FR","@id":"https://praps.sn/archives/#/schema/logo/image/","url":"https://praps.sn/archives/wp-content/uploads/2019/09/banniere_praps-1.png","contentUrl":"https://praps.sn/archives/wp-content/uploads/2019/09/banniere_praps-1.png","width":159,"height":154,"caption":"PRAPS Sénégal"},"image":{"@id":"https://praps.sn/archives/#/schema/logo/image/"}}]}</script>
<!-- / Yoast SEO plugin. -->

Le PRAPS 2-SN interviendra dans cinq  (05) régions et dix (10) départements : région de Saint-Louis (Podor et Dagana) ; région de Matam (Matam, Kanel et Ranérou), région de Louga (Linguère et Louga)  ; région de Kaffrine (Koungheul) ;  région de  Tambacounda  (Bakel  et Koumpentoum). En plus  de l’UCP basée à la Sphère ministérielle Ousmane &hellip;

PRAPS Sénégal
